thousands digit of 684211938?
1
What is the hundred thousands digit of 37371993?
3
What is the tens digit of 1033222624?
2
What is the hundred thousands digit of 107048634?
0
What is the thousands digit of 45213044?
3
What is the ten millions digit of 1383534618?
8
What is the millions digit of 159557611?
9
What is the tens digit of 642235585?
8
What is the hundred millions digit of 463854237?
4
What is the units digit of 62587829?
9
What is the hundred thousands digit of 17754429?
7
What is the tens digit of 20752498?
9
What is the hundreds digit of 55354109?
1
What is the ten millions digit of 661333446?
6
What is the hundreds digit of 313020185?
1
What is the ten millions digit of 2143952501?
4
What is the hundred thousands digit of 93740274?
7
What is the hundreds digit of 202257323?
3
What is the ten thousands digit of 5378348274?
4
What is the ten millions digit of 157667042?
5
What is the units digit of 84891751?
1
What is the units digit of 3373326838?
8
What is the hundred thousands digit of 62119649?
1
What is the units digit of 19436538?
8
What is the thousands digit of 282461154?
1
What is the tens digit of 415965821?
2
What is the tens digit of 21759995?
9
What is the hundred millions digit of 155204332?
1
What is the units digit of 1222549001?
1
What is the hundred thousands digit of 150598872?
5
What is the tens digit of 37541605?
0
What is the units digit of 316577540?
0
What is the thousands digit of 1239375920?
5
What is the units digit of 378230144?
4
What is the units digit of 200275008?
8
What is the tens digit of 127958709?
0
What is the ten millions digit of 862755456?
6
What is the thousands digit of 5234033396?
3
What is the hundreds digit of 72952784?
7
What is the millions digit of 2209775?
2
What is the hundred thousands digit of 111994892?
9
What is the units digit of 47210131?
1
What is the tens digit of 542207792?
9
What is the ten millions digit of 529720707?
2
What is the ten thousands digit of 17083750?
8
What is the billions digit of 3936868141?
3
What is the units digit of 599647785?
5
What is the units digit of 41904886?
6
What is the thousands digit of 846850748?
0
What is the units digit of 119309067?
7
What is the ten thousands digit of 164639901?
3
What is the units digit of 218723802?
2
What is the hundred millions digit of 6939439196?
9
What is the units digit of 136568586?
6
What is the thousands digit of 115684031?
4
What is the thousands digit of 8819880423?
0
What is the ten millions digit of 2368744901?
6
What is the thousands digit of 133892741?
2
What is the ten thousands digit of 134672122?
7
What is the hundreds digit of 54686925?
9
What is the tens digit of 280751053?
5
What is the hundred millions digit of 2250192573?
2
What is the ten millions digit of 100010313?
0
What is the thousands digit of 18592685?
2
What is the ten thousands digit of 76576540?
7
What is the hundred millions digit of 4212310547?
2
What is the thousands digit of 103043967?
3
What is the units digit of 273241784?
4
What is the units digit of 672980773?
3
What is the ten thousands digit of 505417046?
1
What is the hundreds digit of 179049170?
1
What is the millions digit of 26869902?
6
What is the thousands digit of 825482165?
2
What is the ten millions digit of 2892782076?
9
What is the thousands digit of 98719232?
9
What is the thousands digit of 62340676?
0
What is the tens digit of 2010130289?
8
What is the units digit of 49091379?
9
What is the ten millions digit of 65174025?
6
What is the hundreds digit of 281329483?
4
What is the ten thousands digit of 2775928810?
2
What is the thousands digit of 342839471?
9
What is the ten thousands digit of 36885924?
8
What is the units digit of 42400099?
9
What is the ten millions digit of 11359585?
1
What is the hundreds digit of 43771800?
8
What is the hundreds digit of 365644571?
5
What is the ten millions digit of 11369712?
1
What is the millions digit of 127530401?
7
What is the hundreds digit of 68842694?
6
What is the hundred millions digit of 113252642?
1
What is the millions digit of 63471761?
3
What is the hundred thousands digit of 157252051?
2
What is the ten millions digit of 1584319459?
8
What is the millions digit of 2305896940?
5
What is the thousands digit of 2892845635?
5
What is the ten thousands digit of 65956061?
5
What is the ten millions digit of 16451748?
1
What is the millions digit of 623460112?
3
What is the ten millions digit of 37694221?
3
What is the ten thousands digit of 5800375527?
7
What is the units digit of 369225594?
4
What is the units digit of 78794477?
7
What is the ten millions digit of 770831438?
7
What is the hundred thousands digit of 766043559?
0
What is the hundreds digit of 1656374621?
6
What is the hundred thousands digit of 717103943?
1
What is the ten millions digit of 119373896?
1
What is the tens digit of 3684541747?
4
What is the hundreds digit of 1587317122?
1
What is the hundred millions digit of 157428951?
1
What is the thousands digit of 25975564?
5
What is the hundred thousands digit of 17279014?
2
What is the thousands digit of 5586170929?
0
What is the ten thousands digit of 235504091?
0
What is the ten thousands digit of 35924996?
2
What is the hundreds digit of 370335215?
2
What is the hundred thousands digit of 24397076?
3
What is the hundreds digit of 74958390?
3
What is the hundreds digit of 1719900742?
7
What is the ten millions digit of 1222372064?
2
What is the hundred thousands digit of 299452006?
4
What is the tens digit of 158812088?
8
What is the tens digit of 70084108?
0
What is the billions digit of 2938097958?
2
What is the units digit of 945445111?
1
What is the hundreds digit of 32790025?
0
What is the hundreds digit of 5810840220?
2
What is the millions digit of 1170608367?
0
What is the ten thousands digit of 116821558?
2
What is the units digit of 14311409?
9
What is the hundred thousands digit of 20858174?
8
What is the hundred thousands digit of 83157418?
1
What is the units digit of 73569807?
7
What is the ten millions digit of 2257323866?
5
What is the millions digit of 51393092?
1
What is the tens digit of 52483180?
8
What is the ten thousands digit of 577009648?
0
What is the tens digit of 712425967?
6
What is the hundreds digit of 193161081?
0
What is the tens digit of 717511058?
5
What is the tens digit of 232420054?
5
What is the ten millions digit of 785825365?
8
What is the ten thousands digit of 311608592?
0
What is the millions digit of 1114423?
1
What is the ten millions digit of 223426605?
2
What is the ten millions digit of 5552725460?
5
What is the thousands digit of 39881154?
1
What is the hundreds digit of 22681252?
2
What is the units digit of 647652759?
9
What is the ten millions digit of 1590704947?
9
What is the tens digit of 76135116?
1
What is the thousands digit of 314155760?
5
What is the hundreds digit of 190789628?
6
What is the hundreds digit of 59012599?
5
What is the hundreds digit of 139764044?
0
What is the millions digit of 665085435?
5
What is the units digit of 3710329944?
4
What is the tens digit of 765392182?
8
What is the thousands digit of 7871672?
1
What is the millions digit of 135969751?
5
What is the ten thousands digit of 323957285?
5
What is the tens digit of 437740153?
5
What is the ten millions digit of 246982710?
4
What is the units digit of 74063923?
3
What is the thousands digit of 1558144985?
4
What is the ten millions digit of 99252640?
9
What is the hundreds digit of 3182631?
6
What is the thousands digit of 381884493?
4
What is the ten millions digit of 141841301?
4
What is the hundred millions digit of 546530621?
5
What is the hundred millions digit of 166599134?
1
What is the units digit of 278876690?
0
What is the thousands digit of 127873537?
3
What is the hundreds digit of 36587171?
1
What is the millions digit of 30780653?
0
What is the hundred thousands digit of 2354877464?
8
What is the thousands digit of 13650010?
0
What is the ten millions digit of 666128397?
6
What is the hundred thousands digit of 176399023?
3
What is the tens digit of 12493600?
0
What is the hundred thousands digit of 38317374?
3
What is the hundreds digit of 357012067?
0
What is the ten millions digit of 308933458?
0
What is the ten millions digit of 15981